c8b + -2?
-c8d
In base 2, what is 110000 + 10101?
1000101
In base 2, what is 101 + -11000100?
-10111111
In base 9, what is 57 + -2?
55
In base 11, what is 6 + -17?
-11
In base 13, what is 1 - 29c?
-29b
In base 5, what is -140 + 0?
-140
In base 15, what is -49 - -2?
-47
In base 2, what is -1001101 + -101100?
-1111001
In base 14, what is -4 - -1d3?
1cd
In base 8, what is -3 - 106?
-111
In base 5, what is -2341 - -2?
-2334
In base 16, what is 0 + 9?
9
In base 14, what is -11c + a?
-112
In base 14, what is 2 + 5a?
5c
In base 12, what is -5 + -13?
-18
In base 10, what is -19540 - 1?
-19541
In base 16, what is aa7 + -8?
a9f
In base 7, what is 162420 - 3?
162414
In base 14, what is 26 + -9?
1b
In base 4, what is -3112 + -1020?
-10132
In base 11, what is -37 - 14?
-50
In base 11, what is 92 + 13?
a5
In base 13, what is 34 - -2?
36
In base 14, what is -36a + -2?
-36c
In base 5, what is 30 - 22?
3
In base 15, what is -37 + -4?
-3b
In base 8, what is -55 - 2?
-57
In base 4, what is 3 + 202221?
202230
In base 9, what is 0 - -140?
140
In base 2, what is 10011000 + -11110?
1111010
In base 2, what is -101 + 1000?
11
In base 15, what is 1100 - 0?
1100
In base 9, what is 86 + 0?
86
In base 9, what is 54 + 1?
55
In base 3, what is -12 - -20101?
20012
In base 9, what is 86600 - 0?
86600
In base 12, what is -167 + 1?
-166
In base 13, what is -32 + -13?
-45
In base 8, what is 546 + -2?
544
In base 2, what is 11 + 1000001?
1000100
In base 7, what is -1000 - -12?
-655
In base 9, what is 145 + -106?
38
In base 13, what is -1257b - -1?
-1257a
In base 13, what is 4 + -56?
-52
In base 6, what is -33413 + -5?
-33422
In base 10, what is 5 + 1?
6
In base 3, what is 100102 + 0?
100102
In base 10, what is -1 - 4?
-5
In base 16, what is -22 - -48?
26
In base 3, what is -101 + 10001?
2200
In base 15, what is 2 - -26?
28
In base 15, what is 436 + -2?
434
In base 16, what is -7 + -47e?
-485
In base 14, what is -92 + 31?
-61
In base 4, what is 20 - 111330?
-111310
In base 6, what is -31 + -1032?
-1103
In base 10, what is 826 + 1?
827
In base 7, what is -245 - 3?
-251
In base 10, what is -2 - -336?
334
In base 13, what is 0 - -a3?
a3
In base 8, what is 71 + -6?
63
In base 9, what is -315 + 5?
-310
In base 12, what is -a - -7?
-3
In base 10, what is 28 + 148?
176
In base 8, what is 0 - 55?
-55
In base 8, what is -347 + 5?
-342
In base 8, what is 53 + 1?
54
In base 13, what is 3650 + -3?
364a
In base 9, what is 8 - -101?
110
In base 14, what is 1c + -15a?
-13c
In base 2, what is -10111 + 1?
-10110
In base 13, what is b9 + -c?
aa
In base 12, what is b19 + 1?
b1a
In base 2, what is 1000000 - 101?
111011
In base 9, what is 5 + -2074?
-2068
In base 5, what is 1 - -210?
211
In base 11, what is -1a65 - 5?
-1a6a
In base 7, what is 3 + -11250?
-11244
In base 13, what is 28 + 308?
333
In base 7, what is -10 + -106?
-116
In base 16, what is 2 + 0?
2
In base 11, what is 7338 - -4?
7341
In base 10, what is 3 - 22?
-19
In base 6, what is 104054 - -3?
104101
In base 9, what is 3676 + -5?
3671
In base 5, what is -1432 + 1?
-1431
In base 14, what is 5 - 3?
2
In base 8, what is -1 - -2?
1
In base 12, what is -129 - 3?
-130
In base 7, what is 0 + 60?
60
In base 4, what is 1 - -203?
210
In base 12, what is -3 + -41?
-44
In base 11, what is 1420a - 0?
1420a
In base 11, what is -3 - -387?
384
In base 5, what is -2 - -101?
44
In base 11, what is 41 + 81?
112
In base 8, what is -3362 + 2?
-3360
In base 11, what is 22 - a8?
-86
In base 10, what is 2 + 130?
132
In base 7, what is -2 - 333?
-335
In base 13, what is 3 - 84?
-81
In base 13, what is -3 - -49?
46
In base 8, what is -3435 - 5?
-3442
In base 5, what is -12 - -110?
43
In base 2, what is 1000010 - 100011000?
-11010110
In base 5, what is 1 - 130?
-124
In base 13, what is -641c + -1?
-6420
In base 10, what is 19 - 32?
-13
In base 12, what is -11 + 6?
-7
In base 16, what is -b - -14?
9
In base 16, what is -3 + -1dd?
-1e0
In base 16, what is -ad - 26?
-d3
In base 14, what is -3 + -63?
-66
In base 5, what is -22 - 401?
-423
In base 12, what is -285 - 2?
-287
In base 13, what is 5 + -a53?
-a4b
In base 13, what is -5 - 194?
-199
In base 8, what is 0 + 11?
11
In base 16, what is -1d - 12?
-2f
In base 3, what is -22 + 22002?
21210
In base 4, what is 130 + 111?
301
In base 7, what is -4 + -46?
-53
In base 11, what is -2137 - 0?
-2137
In base 7, what is 5 - 24016?
-24011
In base 4, what is -1 + 3202?
3201
In base 8, what is -42 - 3?
-45
In base 6, what is -4 + -205?
-213
In base 5, what is -3211 - -4?
-3202
In base 16, what is -74 - 2d?
-a1
In base 13, what is -c8 + 3?
-c5
In base 6, what is -2235 + -54?
-2333
In base 2, what is 1100100 + 0?
1100100
In base 14, what is -2 + -142?
-144
In base 2, what is -11 + -11000?
-11011
In base 3, what is 10 - -1102?
1112
In base 7, what is -4 + 14?
10
In base 6, what is 4 - 1144?
-1140
In base 5, what is -3 - -41?
33
In base 14, what is -86 - -4?
-82
In base 16, what is -5 - -53e?
539
In base 2, what is -1101111 + 111?
-1101000
In base 3, what is -1122001 - -2?
-1121222
In base 16, what is 7 - -9?
10
In base 9, what is -144 + -30?
-174
In base 10, what is 3 + -16?
-13
In base 15, what is -3 - 347?
-34a
In base 10, what is -33 + -145?
-178
In base 6, what is -234 - 4?
-242
In base 16, what is 16 + 1bb?
1d1
In base 2, what is 10101000 + -11?
10100101
In base 6, what is 4 - 1111?
-1103
In base 6, what is 2 - -32?
34
In base 12, what is 9b + 27?
106
In base 3, what is -11122 - 21?
-11220
In base 4, what is 23 - -102?
131
In base 5, what is -4 - -230?
221
In base 5, what is 2 - -423?
430
In base 2, what is -1100 + 11111?
10011
In base 11, what is 27 - 8?
1a
In base 4, what is 0 - 33022?
-33022
In base 5, what is -1424 - 3?
-1432
In base 2, what is -10011 + -1010?
-11101
In base 9, what is -12 - 33?
-45
In base 7, what is -3 + -45?
-51
In base 10, what is -41 - 7?
-48
In base 15, what is -3 - 58?
-5b
In base 12, what is -5 - -417?
412
In base 8, what is 3 + 275?
300
In base 2, what is 11 - 10011110?
-10011011
In base 12, what is 6a + 7?
75
In base 4, what is -313 - -10?
-303
In base 14, what is -3 - 210c?
-2111
In base 10, what is 41 + 12?
53
In base 16, what is -1d1 - 3?
-1d4
In base 11, what is -1298 + 7?
-1291
In base 6, what is -4 + 1102?
1054
In base 11, what is 3 - 4a25?
-4a22
In base 10, what is 31 + -6?
25
In base 8, what is 1 + 275?
276
In base 2, what is 11 - -111101011?
111101110
In base 10, what is 155 + 0?
155
In base 4, what is 1 - 312?
-311
In base 16, what is -7 + -4c?
-53
In base 10, what is -24 + 153?
129
In base 6, what is 3225 - -1?
3230
In base 4, what is -333011 - -11?
-333000
In base 9, what is 330 + 1?
331
In base 13, what is 2 - 2c3?
-2c1
In base 6, what is 0 + 100?
100
In base 5, what is -21323 + 22?
-21301
In base 5, what is 12 - 44314?
-44302
In base 4, what is 0 - -2233?
2233
In base 9, what is 7 + 415?
423
In base 13, what is -3c + -15?
-54
In base 14, what is 5a - 1d?
3b
In base 10, what is 32 - -50?
82
In base 7, what is -1200 - -56?
-1111
In base 14, what is 4 + 67?
6b
In base 13, what is 4bb - -4?
4c2
In base 3, what is 100 - -110101?
110201
In base 10, what is 64 - -3?
67
In base 16, what is -e2 - 3?
-e5
In base 2, what is 1 - -10?
11
In base 9, what is -18 + 74?
55
In base 11, what is -249 - 5?
-253
In base 4, what is -1030 + 11?
-1013
In base 16, what is 3 + 482?
485
In base 9, what is 1107 - -3?
1111
In base 9, what is 11 - -45?
56
In base 3, what is -2022 + 21?
-2001
In base 4, what is -11 - 1102?
-1113
In base 7, what is -614 + 0?
-614
In base 12, what is 11a8 + 0?
11a8
In base 16, what is -32 + -7f?
-b1
In base 14, what is -6c3 - 3?
-6c6
In base 12, what is 4 + -264?
-260
In base 13, what is -277 + -5?
-27c
In base 8, what is 102 + 0?
102
In base 8, what is 0 + -71?
-71
In base 9, what is -382 + -4?
-386
In base 3, what is -2122022 - 11?
-2122110
In base 2, what is -11 - -1101101111?
1101101100
In base 8, what is -3 - 1760?
-1763
In base 15, what is 7d - 49?
34
In base 13, what is -154 + -11?
-165
In base 9, what is -120 + -126?
-246
In base 9, what is -687 + 3?
-684
In base 6, what is 33 + -4344?
-4311
In base 7, what is -4311 - 5?
-4316
In base 15, what is -4 - cb?
-d0
In base 4, what is -10003032 - -1?
-10003031
In base 8, what is 12 + -502?
-470
In base 4, what is -1 + 22233?
22